{"id":1506,"date":"2023-02-03T17:46:27","date_gmt":"2023-02-03T17:46:27","guid":{"rendered":"https:\/\/marcinw6.vot.pl\/fotomasz\/?page_id=1506"},"modified":"2025-10-07T07:33:57","modified_gmt":"2025-10-07T07:33:57","slug":"fotograf-bialystok-oferta-2","status":"publish","type":"page","link":"https:\/\/marcinw6.vot.pl\/fotomasz\/fotograf-bialystok-oferta-2\/","title":{"rendered":"CENNIK FOTOGRAFII \u015aLUBNEJ (Bia\u0142ystok + podlaskie) OFERTA 2024\/2025"},"content":{"rendered":"\t\t<div data-elementor-type=\"wp-page\" data-elementor-id=\"1506\" class=\"elementor elementor-1506\">\n\t\t\t\t\t\t<section class=\"elementor-section elementor-top-section elementor-element elementor-element-1af5efde elementor-section-boxed elementor-section-height-default elementor-section-height-default sc_fly_static\" data-id=\"1af5efde\" data-element_type=\"section\" data-e-type=\"section\">\n\t\t\t\t\t\t<div class=\"elementor-container elementor-column-gap-extended\">\n\t\t\t\t\t<div class=\"elementor-column elementor-col-100 elementor-top-column elementor-element elementor-element-26deb1d4 sc_content_align_inherit sc_layouts_column_icons_position_left sc_fly_static\" data-id=\"26deb1d4\" data-element_type=\"column\" data-e-type=\"column\">\n\t\t\t<div class=\"elementor-widget-wrap elementor-element-populated\">\n\t\t\t\t\t\t<div class=\"elementor-element elementor-element-29e375b9 sc_height_medium sc_fly_static elementor-widget elementor-widget-spacer\" data-id=\"29e375b9\" data-element_type=\"widget\" data-e-type=\"widget\" data-widget_type=\"spacer.default\">\n\t\t\t\t<div class=\"elementor-widget-container\">\n\t\t\t\t\t\t\t<div class=\"elementor-spacer\">\n\t\t\t<div class=\"elementor-spacer-inner\"><\/div>\n\t\t<\/div>\n\t\t\t\t\t\t<\/div>\n\t\t\t\t<\/div>\n\t\t\t\t<div class=\"elementor-element elementor-element-7461d709 sc_fly_static elementor-widget elementor-widget-spacer\" data-id=\"7461d709\" data-element_type=\"widget\" data-e-type=\"widget\" data-widget_type=\"spacer.default\">\n\t\t\t\t<div class=\"elementor-widget-container\">\n\t\t\t\t\t\t\t<div class=\"elementor-spacer\">\n\t\t\t<div class=\"elementor-spacer-inner\"><\/div>\n\t\t<\/div>\n\t\t\t\t\t\t<\/div>\n\t\t\t\t<\/div>\n\t\t\t\t\t<\/div>\n\t\t<\/div>\n\t\t\t\t\t<\/div>\n\t\t<\/section>\n\t\t\t\t<section class=\"elementor-section elementor-top-section elementor-element elementor-element-5da05792 elementor-section-boxed elementor-section-height-default elementor-section-height-default sc_fly_static\" data-id=\"5da05792\" data-element_type=\"section\" data-e-type=\"section\">\n\t\t\t\t\t\t<div class=\"elementor-container elementor-column-gap-extended\">\n\t\t\t\t\t<div class=\"elementor-column elementor-col-100 elementor-top-column elementor-element elementor-element-e32afb4 sc_content_align_inherit sc_layouts_column_icons_position_left sc_fly_static\" data-id=\"e32afb4\" data-element_type=\"column\" data-e-type=\"column\">\n\t\t\t<div class=\"elementor-widget-wrap elementor-element-populated\">\n\t\t\t\t\t\t<div class=\"elementor-element elementor-element-732293f7 sc_height_tiny sc_fly_static elementor-widget elementor-widget-spacer\" data-id=\"732293f7\" data-element_type=\"widget\" data-e-type=\"widget\" data-widget_type=\"spacer.default\">\n\t\t\t\t<div class=\"elementor-widget-container\">\n\t\t\t\t\t\t\t<div class=\"elementor-spacer\">\n\t\t\t<div class=\"elementor-spacer-inner\"><\/div>\n\t\t<\/div>\n\t\t\t\t\t\t<\/div>\n\t\t\t\t<\/div>\n\t\t\t\t<div class=\"elementor-element elementor-element-65a7ffe9 sc_fly_static elementor-widget elementor-widget-text-editor\" data-id=\"65a7ffe9\" data-element_type=\"widget\" data-e-type=\"widget\" data-widget_type=\"text-editor.default\">\n\t\t\t\t<div class=\"elementor-widget-container\">\n\t\t\t\t\t\t\t\t\t<p>Wspomnienia pozostawione bez opieki szybko gasn\u0105.<br \/>Wspomnienia utrwalone na fotografiach \u2013 maj\u0105 si\u0142\u0119.<\/p><p>Za pewien czas przypomn\u0105 Wam o pi\u0119knych momentach<br \/>z Dnia Waszego \u015alubu\u2026<br \/>Mo\u017ce kocio\u0142 emocji podczas przysi\u0119gi,<br \/>mo\u017ce efektowny pierwszy taniec\u2026.<br \/>ale r\u00f3wnie\u017c o ludziach, z kt\u00f3rymi dzielili\u015bcie<br \/>Wasze szcz\u0119\u015bcie tego dnia:<br \/>rodzina, znajomi, paczka ze studi\u00f3w,<br \/>ma\u0142y rozkoszny siostrzeniec,<br \/>kt\u00f3ry dzi\u015b ma 190cm i nosi wielk\u0105 brod\u0119,<br \/>dziadkowie, kt\u00f3rzy dopinguj\u0105 Waszemu \u017cyciu tam z g\u00f3ry\u2026<\/p><p>Dlatego w\u0142a\u015bnie zdj\u0119cia\u2026<br \/>\u2026Wasze \u015blubne fotografie,<br \/>gdy otoczy Was szara rzeczywisto\u015b\u0107,<br \/>pomog\u0105 Wam piel\u0119gnowa\u0107 Wasz\u0105 mi\u0142o\u015b\u0107.<\/p><p>Zadbajcie, by Wasze wspomnienia<br \/>zosta\u0142y zapami\u0119tane w naprawd\u0119 wyj\u0105tkowy spos\u00f3b.<\/p>\t\t\t\t\t\t\t\t<\/div>\n\t\t\t\t<\/div>\n\t\t\t\t\t<\/div>\n\t\t<\/div>\n\t\t\t\t\t<\/div>\n\t\t<\/section>\n\t\t\t\t<section class=\"elementor-section elementor-top-section elementor-element elementor-element-61ada83c elementor-section-boxed elementor-section-height-default elementor-section-height-default sc_fly_static\" data-id=\"61ada83c\" data-element_type=\"section\" data-e-type=\"section\">\n\t\t\t\t\t\t<div class=\"elementor-container elementor-column-gap-extended\">\n\t\t\t\t\t<div class=\"elementor-column elementor-col-100 elementor-top-column elementor-element elementor-element-4d1731aa sc_content_align_inherit sc_layouts_column_icons_position_left sc_fly_static\" data-id=\"4d1731aa\" data-element_type=\"column\" data-e-type=\"column\">\n\t\t\t<div class=\"elementor-widget-wrap elementor-element-populated\">\n\t\t\t\t\t\t<div class=\"elementor-element elementor-element-4896da08 sc_height_medium sc_fly_static elementor-widget elementor-widget-spacer\" data-id=\"4896da08\" data-element_type=\"widget\" data-e-type=\"widget\" data-widget_type=\"spacer.default\">\n\t\t\t\t<div class=\"elementor-widget-container\">\n\t\t\t\t\t\t\t<div class=\"elementor-spacer\">\n\t\t\t<div class=\"elementor-spacer-inner\"><\/div>\n\t\t<\/div>\n\t\t\t\t\t\t<\/div>\n\t\t\t\t<\/div>\n\t\t\t\t<div class=\"elementor-element elementor-element-bcd177c elementor-widget-divider--view-line sc_fly_static elementor-widget elementor-widget-divider\" data-id=\"bcd177c\" data-element_type=\"widget\" data-e-type=\"widget\" data-widget_type=\"divider.default\">\n\t\t\t\t<div class=\"elementor-widget-container\">\n\t\t\t\t\t\t\t<div class=\"elementor-divider\">\n\t\t\t<span class=\"elementor-divider-separator\">\n\t\t\t\t\t\t<\/span>\n\t\t<\/div>\n\t\t\t\t\t\t<\/div>\n\t\t\t\t<\/div>\n\t\t\t\t\t<\/div>\n\t\t<\/div>\n\t\t\t\t\t<\/div>\n\t\t<\/section>\n\t\t\t\t<section class=\"elementor-section elementor-top-section elementor-element elementor-element-4c81bdd4 elementor-section-full_width elementor-section-height-default elementor-section-height-default sc_fly_static\" data-id=\"4c81bdd4\" data-element_type=\"section\" data-e-type=\"section\">\n\t\t\t\t\t\t<div class=\"elementor-container elementor-column-gap-extended\">\n\t\t\t\t\t<div class=\"elementor-column elementor-col-100 elementor-top-column elementor-element elementor-element-79f59ebd sc_content_align_inherit sc_layouts_column_icons_position_left sc_fly_static\" data-id=\"79f59ebd\" data-element_type=\"column\" data-e-type=\"column\">\n\t\t\t<div class=\"elementor-widget-wrap elementor-element-populated\">\n\t\t\t\t\t\t<div class=\"elementor-element elementor-element-2b26be23 sc_height_medium sc_fly_static elementor-widget elementor-widget-spacer\" data-id=\"2b26be23\" data-element_type=\"widget\" data-e-type=\"widget\" data-widget_type=\"spacer.default\">\n\t\t\t\t<div class=\"elementor-widget-container\">\n\t\t\t\t\t\t\t<div class=\"elementor-spacer\">\n\t\t\t<div class=\"elementor-spacer-inner\"><\/div>\n\t\t<\/div>\n\t\t\t\t\t\t<\/div>\n\t\t\t\t<\/div>\n\t\t\t\t<div class=\"elementor-element elementor-element-4f004189 sc_fly_static elementor-widget elementor-widget-trx_sc_title\" data-id=\"4f004189\" data-element_type=\"widget\" data-e-type=\"widget\" data-widget_type=\"trx_sc_title.default\">\n\t\t\t\t<div class=\"elementor-widget-container\">\n\t\t\t\t\t<div\t\tclass=\"sc_title sc_title_default\" ><h1 class=\"sc_item_title sc_title_title sc_align_center sc_item_title_style_default sc_item_title_tag\"\n\t\t\t><span class=\"sc_item_title_text\">PAKIETY REPORTA\u017bU \u015aLUBNEGO 2024\/2025<\/span><\/h1><\/div>\t\t\t\t<\/div>\n\t\t\t\t<\/div>\n\t\t\t\t<div class=\"elementor-element elementor-element-d53552c sc_height_small sc_fly_static elementor-widget elementor-widget-spacer\" data-id=\"d53552c\" data-element_type=\"widget\" data-e-type=\"widget\" data-widget_type=\"spacer.default\">\n\t\t\t\t<div class=\"elementor-widget-container\">\n\t\t\t\t\t\t\t<div class=\"elementor-spacer\">\n\t\t\t<div class=\"elementor-spacer-inner\"><\/div>\n\t\t<\/div>\n\t\t\t\t\t\t<\/div>\n\t\t\t\t<\/div>\n\t\t\t\t<div class=\"elementor-element elementor-element-84f4f9e scheme_light sc_fly_static elementor-widget elementor-widget-trx_sc_price\" data-id=\"84f4f9e\" data-element_type=\"widget\" data-e-type=\"widget\" data-widget_type=\"trx_sc_price.default\">\n\t\t\t\t<div class=\"elementor-widget-container\">\n\t\t\t\t\t<div  \r\n\tclass=\"sc_price color_style_link2 scheme_light sc_price_light\"><div class=\"sc_price_columns_wrap sc_item_columns trx_addons_columns_wrap columns_padding_bottom columns_in_single_row\"><div class=\"trx_addons_column-1_4\"><div class=\"sc_price_item sc_price_item_light\">\r\n\t\t\t<div class=\"sc_price_item_inner\"><div class=\"sc_price_item_info_top\"><h3 class=\"sc_price_item_title\"><span>~mini~<\/span><\/h3><\/div><div class=\"sc_price_item_info\"><div class=\"sc_price_item_price\"><span class=\"sc_price_item_price_value\">3000<\/span><span class=\"sc_price_item_price_after\">pln<\/span><\/div><div class=\"sc_price_item_details\"><p>150 zdj\u0119\u0107 po autorskiej obr\u00f3bce<\/p><p>dom\/\u015blub\/wesele\/minisesja<\/p><p>30 odbitek 15x23cm<\/p><p>galeria online<\/p><p>max 4h<\/p><\/div><\/div><!-- \/.sc_price_item_info --><\/div><!-- \/.sc_price_item_inner --><\/div><\/div><div class=\"trx_addons_column-1_4\"><div class=\"sc_price_item sc_price_item_light\">\r\n\t\t\t<div class=\"sc_price_item_inner\"><div class=\"sc_price_item_info_top\"><h3 class=\"sc_price_item_title\"><span>~Tak~<\/span><\/h3><\/div><div class=\"sc_price_item_info\"><div class=\"sc_price_item_price\"><span class=\"sc_price_item_price_value\">4000<\/span><span class=\"sc_price_item_price_after\">pln<\/span><\/div><div class=\"sc_price_item_details\"><p>minimum 250 zdj\u0119\u0107 po autorskiej obr\u00f3bce<\/p><p>dom\/\u015blub\/wesele\/minisesja<\/p><p>50 odbitek 15x23cm<\/p><p>galeria online<\/p><p>pendrive<\/p><p>max 7h<\/p><\/div><\/div><!-- \/.sc_price_item_info --><\/div><!-- \/.sc_price_item_inner --><\/div><\/div><div class=\"trx_addons_column-1_4\"><div class=\"sc_price_item sc_price_active sc_price_item_light\">\r\n\t\t\t<div class=\"sc_price_item_inner\"><div class=\"sc_price_item_info_top\"><h3 class=\"sc_price_item_title\"><span>~Kocham!~<\/span><\/h3><\/div><div class=\"sc_price_item_info\"><div class=\"sc_price_item_price\"><span class=\"sc_price_item_price_value\">4800<\/span><span class=\"sc_price_item_price_after\">pln<\/span><\/div><div class=\"sc_price_item_details\"><p>minimum 400 zdj\u0119\u0107 po autorskiej obr\u00f3bce<\/p><p>dom\/\u015blub\/wesele<\/p><p>SESJA PLENEROWA w innym dniu<\/p><p>100 odbitek 15x23cm<\/p><p>galeria online<\/p><p>pendrive<\/p><p>max 12h<\/p><\/div><\/div><!-- \/.sc_price_item_info --><\/div><!-- \/.sc_price_item_inner --><\/div><\/div><div class=\"trx_addons_column-1_4\"><div class=\"sc_price_item sc_price_item_light\">\r\n\t\t\t<div class=\"sc_price_item_inner\"><div class=\"sc_price_item_info_top\"><h3 class=\"sc_price_item_title\"><span>~IwantITALL!~<\/span><\/h3><\/div><div class=\"sc_price_item_info\"><div class=\"sc_price_item_price\"><span class=\"sc_price_item_price_value\">7500<\/span><span class=\"sc_price_item_price_after\">pln<\/span><\/div><div class=\"sc_price_item_details\"><p>minimum 600 zdj\u0119\u0107 po autorskiej obr\u00f3bce<\/p><p>2 fotograf\u00f3w<\/p><p>dom\/\u015blub\/wesele\/minisesja<\/p><p>SESJA PLENEROWA w innym dniu<\/p><p>200 odbitek 15x23cm<\/p><p>galeria online<\/p><p>pendrive<\/p><p>max 12h<\/p><\/div><\/div><!-- \/.sc_price_item_info --><\/div><!-- \/.sc_price_item_inner --><\/div><\/div><\/div><\/div><!-- \/.sc_price -->\t\t\t\t<\/div>\n\t\t\t\t<\/div>\n\t\t\t\t\t<\/div>\n\t\t<\/div>\n\t\t\t\t\t<\/div>\n\t\t<\/section>\n\t\t\t\t<section class=\"elementor-section elementor-top-section elementor-element elementor-element-fcaa7b3 elementor-section-boxed elementor-section-height-default elementor-section-height-default sc_fly_static\" data-id=\"fcaa7b3\" data-element_type=\"section\" data-e-type=\"section\">\n\t\t\t\t\t\t<div class=\"elementor-container elementor-column-gap-extended\">\n\t\t\t\t\t<div class=\"elementor-column elementor-col-100 elementor-top-column elementor-element elementor-element-7427c2e sc_content_align_inherit sc_layouts_column_icons_position_left sc_fly_static\" data-id=\"7427c2e\" data-element_type=\"column\" data-e-type=\"column\">\n\t\t\t<div class=\"elementor-widget-wrap elementor-element-populated\">\n\t\t\t\t\t\t<div class=\"elementor-element elementor-element-4d41696 sc_fly_static elementor-widget elementor-widget-heading\" data-id=\"4d41696\" data-element_type=\"widget\" data-e-type=\"widget\" data-widget_type=\"heading.default\">\n\t\t\t\t<div class=\"elementor-widget-container\">\n\t\t\t\t\t<h2 class=\"elementor-heading-title elementor-size-default\">Na \u017cyczenie<\/h2>\t\t\t\t<\/div>\n\t\t\t\t<\/div>\n\t\t\t\t<div class=\"elementor-element elementor-element-b00be05 sc_height_medium sc_fly_static elementor-widget elementor-widget-spacer\" data-id=\"b00be05\" data-element_type=\"widget\" data-e-type=\"widget\" data-widget_type=\"spacer.default\">\n\t\t\t\t<div class=\"elementor-widget-container\">\n\t\t\t\t\t\t\t<div class=\"elementor-spacer\">\n\t\t\t<div class=\"elementor-spacer-inner\"><\/div>\n\t\t<\/div>\n\t\t\t\t\t\t<\/div>\n\t\t\t\t<\/div>\n\t\t\t\t<div class=\"elementor-element elementor-element-2968870 elementor-icon-list--layout-traditional elementor-list-item-link-full_width sc_fly_static elementor-widget elementor-widget-icon-list\" data-id=\"2968870\" data-element_type=\"widget\" data-e-type=\"widget\" data-widget_type=\"icon-list.default\">\n\t\t\t\t<div class=\"elementor-widget-container\">\n\t\t\t\t\t\t\t<ul class=\"elementor-icon-list-items\">\n\t\t\t\t\t\t\t<li class=\"elementor-icon-list-item\">\n\t\t\t\t\t\t\t\t\t\t\t<span class=\"elementor-icon-list-icon\">\n\t\t\t\t\t\t\t<i aria-hidden=\"true\" class=\"fas fa-check\"><\/i>\t\t\t\t\t\t<\/span>\n\t\t\t\t\t\t\t\t\t\t<span class=\"elementor-icon-list-text\">Sesja w plenerze 1000z\u0142<\/span>\n\t\t\t\t\t\t\t\t\t<\/li>\n\t\t\t\t\t\t\t\t<li class=\"elementor-icon-list-item\">\n\t\t\t\t\t\t\t\t\t\t\t<span class=\"elementor-icon-list-icon\">\n\t\t\t\t\t\t\t<i aria-hidden=\"true\" class=\"fas fa-check\"><\/i>\t\t\t\t\t\t<\/span>\n\t\t\t\t\t\t\t\t\t\t<span class=\"elementor-icon-list-text\">Kolejna godzina powy\u017cej pakietu 200z\u0142<\/span>\n\t\t\t\t\t\t\t\t\t<\/li>\n\t\t\t\t\t\t\t\t<li class=\"elementor-icon-list-item\">\n\t\t\t\t\t\t\t\t\t\t\t<span class=\"elementor-icon-list-icon\">\n\t\t\t\t\t\t\t<i aria-hidden=\"true\" class=\"fas fa-check\"><\/i>\t\t\t\t\t\t<\/span>\n\t\t\t\t\t\t\t\t\t\t<span class=\"elementor-icon-list-text\">Sesja narzecze\u0144ska 700z\u0142<\/span>\n\t\t\t\t\t\t\t\t\t<\/li>\n\t\t\t\t\t\t\t\t<li class=\"elementor-icon-list-item\">\n\t\t\t\t\t\t\t\t\t\t\t<span class=\"elementor-icon-list-icon\">\n\t\t\t\t\t\t\t<i aria-hidden=\"true\" class=\"fas fa-check\"><\/i>\t\t\t\t\t\t<\/span>\n\t\t\t\t\t\t\t\t\t\t<span class=\"elementor-icon-list-text\">Fotoksi\u0119ga 30x42cm (80str) 650z\u0142<\/span>\n\t\t\t\t\t\t\t\t\t<\/li>\n\t\t\t\t\t\t\t\t<li class=\"elementor-icon-list-item\">\n\t\t\t\t\t\t\t\t\t\t\t<span class=\"elementor-icon-list-icon\">\n\t\t\t\t\t\t\t<i aria-hidden=\"true\" class=\"fas fa-check\"><\/i>\t\t\t\t\t\t<\/span>\n\t\t\t\t\t\t\t\t\t\t<span class=\"elementor-icon-list-text\">Fotoksi\u0119ga 20x30cm (80str) 550z\u0142<\/span>\n\t\t\t\t\t\t\t\t\t<\/li>\n\t\t\t\t\t\t\t\t<li class=\"elementor-icon-list-item\">\n\t\t\t\t\t\t\t\t\t\t\t<span class=\"elementor-icon-list-icon\">\n\t\t\t\t\t\t\t<i aria-hidden=\"true\" class=\"fas fa-check\"><\/i>\t\t\t\t\t\t<\/span>\n\t\t\t\t\t\t\t\t\t\t<span class=\"elementor-icon-list-text\">Pakiet 50 odbitek 15\u00d723 150z\u0142<\/span>\n\t\t\t\t\t\t\t\t\t<\/li>\n\t\t\t\t\t\t\t\t<li class=\"elementor-icon-list-item\">\n\t\t\t\t\t\t\t\t\t\t\t<span class=\"elementor-icon-list-icon\">\n\t\t\t\t\t\t\t<i aria-hidden=\"true\" class=\"fas fa-check\"><\/i>\t\t\t\t\t\t<\/span>\n\t\t\t\t\t\t\t\t\t\t<span class=\"elementor-icon-list-text\">Edycja materia\u0142u w ci\u0105gu 10 dni 1000z\u0142<\/span>\n\t\t\t\t\t\t\t\t\t<\/li>\n\t\t\t\t\t\t\t\t<li class=\"elementor-icon-list-item\">\n\t\t\t\t\t\t\t\t\t\t\t<span class=\"elementor-icon-list-icon\">\n\t\t\t\t\t\t\t<i aria-hidden=\"true\" class=\"fas fa-check\"><\/i>\t\t\t\t\t\t<\/span>\n\t\t\t\t\t\t\t\t\t\t<span class=\"elementor-icon-list-text\">Koszt dojazdu powy\u017cej 30km od Bia\u0142egostoku ustalany indywidualnie.<\/span>\n\t\t\t\t\t\t\t\t\t<\/li>\n\t\t\t\t\t\t<\/ul>\n\t\t\t\t\t\t<\/div>\n\t\t\t\t<\/div>\n\t\t\t\t<div class=\"elementor-element elementor-element-99be929 sc_height_medium sc_fly_static elementor-widget elementor-widget-spacer\" data-id=\"99be929\" data-element_type=\"widget\" data-e-type=\"widget\" data-widget_type=\"spacer.default\">\n\t\t\t\t<div class=\"elementor-widget-container\">\n\t\t\t\t\t\t\t<div class=\"elementor-spacer\">\n\t\t\t<div class=\"elementor-spacer-inner\"><\/div>\n\t\t<\/div>\n\t\t\t\t\t\t<\/div>\n\t\t\t\t<\/div>\n\t\t\t\t\t<\/div>\n\t\t<\/div>\n\t\t\t\t\t<\/div>\n\t\t<\/section>\n\t\t\t\t<section class=\"elementor-section elementor-top-section elementor-element elementor-element-ce3df7a elementor-section-full_width elementor-section-height-min-height elementor-section-height-default elementor-section-items-middle sc_fly_static\" data-id=\"ce3df7a\" data-element_type=\"section\" data-e-type=\"section\" data-settings=\"{&quot;background_background&quot;:&quot;classic&quot;}\">\n\t\t\t\t\t\t<div class=\"elementor-container elementor-column-gap-extended\">\n\t\t\t\t\t<div class=\"elementor-column elementor-col-100 elementor-top-column elementor-element elementor-element-fdb60c0 sc_content_align_inherit sc_layouts_column_icons_position_left sc_fly_static\" data-id=\"fdb60c0\" data-element_type=\"column\" data-e-type=\"column\">\n\t\t\t<div class=\"elementor-widget-wrap\">\n\t\t\t\t\t\t\t<\/div>\n\t\t<\/div>\n\t\t\t\t\t<\/div>\n\t\t<\/section>\n\t\t\t\t<\/div>\n\t\t","protected":false},"excerpt":{"rendered":"<p>Wspomnienia pozostawione bez opieki szybko gasn\u0105.Wspomnienia utrwalone na fotografiach \u2013 maj\u0105 si\u0142\u0119. Za pewien czas przypomn\u0105 Wam o pi\u0119knych momentachz Dnia Waszego \u015alubu\u2026Mo\u017ce kocio\u0142 emocji podczas przysi\u0119gi,mo\u017ce efektowny pierwszy taniec\u2026.ale&hellip;<\/p>\n","protected":false},"author":1,"featured_media":30034,"parent":0,"menu_order":0,"comment_status":"closed","ping_status":"closed","template":"","meta":{"footnotes":""},"class_list":["post-1506","page","type-page","status-publish","has-post-thumbnail","hentry"],"_links":{"self":[{"href":"https:\/\/marcinw6.vot.pl\/fotomasz\/wp-json\/wp\/v2\/pages\/1506","targetHints":{"allow":["GET"]}}],"collection":[{"href":"https:\/\/marcinw6.vot.pl\/fotomasz\/wp-json\/wp\/v2\/pages"}],"about":[{"href":"https:\/\/marcinw6.vot.pl\/fotomasz\/wp-json\/wp\/v2\/types\/page"}],"author":[{"embeddable":true,"href":"https:\/\/marcinw6.vot.pl\/fotomasz\/wp-json\/wp\/v2\/users\/1"}],"replies":[{"embeddable":true,"href":"https:\/\/marcinw6.vot.pl\/fotomasz\/wp-json\/wp\/v2\/comments?post=1506"}],"version-history":[{"count":45,"href":"https:\/\/marcinw6.vot.pl\/fotomasz\/wp-json\/wp\/v2\/pages\/1506\/revisions"}],"predecessor-version":[{"id":30047,"href":"https:\/\/marcinw6.vot.pl\/fotomasz\/wp-json\/wp\/v2\/pages\/1506\/revisions\/30047"}],"wp:featuredmedia":[{"embeddable":true,"href":"https:\/\/marcinw6.vot.pl\/fotomasz\/wp-json\/wp\/v2\/media\/30034"}],"wp:attachment":[{"href":"https:\/\/marcinw6.vot.pl\/fotomasz\/wp-json\/wp\/v2\/media?parent=1506"}],"curies":[{"name":"wp","href":"https:\/\/api.w.org\/{rel}","templated":true}]}}